(d). Let m be u(-6). What is the highest common factor of m and 13?
13
Let p be -1 + 2 + 10*5. Let d(k) = -87*k**2 - 5*k - 7. Let c be d(-3). Let u be c/(-45) + 4/(-18). Calculate the greatest common factor of p and u.
17
Let q(x) be the third derivative of -x**4/12 - 5*x**3/6 - x**2. Let h be q(-8). Let d = -77 + 176. Calculate the highest common divisor of d and h.
11
Suppose 2*x = -5*h + 36, -4*h + 21 + 15 = 2*x. Let y = -13 - -92. Let p be y/9 - (-6)/27. What is the highest common factor of p and x?
9
Let k(u) = 10*u - 7. Let t be k(6). Let c = t + -29. Calculate the greatest common factor of c and 60.
12
Suppose 4 = m - 6. Let d be m/4 - 24/16. Calculate the highest common factor of 5 and d.
1
Let g = 32 + -17. Calculate the greatest common factor of g and 5.
5
Suppose 25 = -b + 7. Let j be 79/9 - 4/b. What is the greatest common divisor of j and 45?
9
Suppose 2*a + 11 = x + 6, -5*x - 2*a + 61 = 0. Calculate the highest common divisor of 77 and x.
11
Let b = 1 + 2. Suppose -n = -b*n + 24. Suppose -t = 3*i - 42, -3*t + 114 = -4*i - n. What is the greatest common factor of 28 and t?
14
Suppose 5*u - 7 = -2*k + 6, -2*k - 2 = 0. Calculate the highest common factor of u and 21.
3
Let l(v) = 3*v - 29. Let f be l(15). Let i(g) = 2*g**2 - g**2 + 6*g**3 + 2 - 3*g + 16*g**3. Let c be i(2). Calculate the greatest common divisor of c and f.
16
Suppose 5*t + 44 = 9*t. What is the highest common divisor of 11 and t?
11
Let w = 248 - 131. Suppose -2*i = -3*i - n + 18, -2*i - n = -31. Calculate the highest common factor of w and i.
13
Suppose -r - 2 = 0, -3*v + 2*r = r - 11. Suppose 0 = t + 5*d - 91, -t = -v*t - 4*d + 152. Calculate the highest common factor of 6 and t.
6
Let v(y) = -y + 15. Let k be v(10). What is the highest common divisor of k and 65?
5
Suppose 2*g + g = 3*j + 87, -g - j = -21. Calculate the highest common factor of g and 250.
25
Let r(p) = 232*p**3 - p**2 + p - 1. Let b be r(1). Calculate the greatest common factor of b and 21.
21
Suppose -4*n = 4*t - 32, t = -t + 5*n + 51. Let w = -2 + t. Calculate the greatest common factor of w and 11.
11
Suppose -4*s = 5*g - 27, 3*g + 8 = -2*s + 25. Suppose 0 = -g*d + 2*d + 20. Let z be ((-8)/5)/((-4)/30). Calculate the highest common divisor of z and d.
4
Let i be 212/2 + (-4 - -1). Let l = i - 55. Calculate the highest common divisor of 6 and l.
6
Let u(k) = 4*k - 2*k**2 - 15*k + k**2. Let v(l) = -l**3 - 7*l**2 - 6*l - 9. Let j be v(-6). Let d be u(j). Calculate the highest common divisor of 90 and d.
18
Let b be 36/1 + (8 - 9). Suppose -v + 175 = 4*h, h - 3*v - b = -5*v. Calculate the highest common divisor of h and 18.
9
Let q be 2*3/6 + 15. Let d = -2 - -7. Let o be 2/d*(-1 + 161). Calculate the greatest common divisor of o and q.
16
Suppose -5*x + c + 6 = 0, x = 6*x + 5*c. Let k = x + 2. Suppose -k*w + 15 = -15. What is the highest common divisor of 5 and w?
5
Let y = -8 - -21. Let a = -3 + y. Calculate the highest common divisor of 15 and a.
5
Let r = -14 + 31. Let b(p) be the third derivative of p**5/30 + p**4/12 - p**3 + 8*p**2. Let f be b(-5). Calculate the highest common divisor of f and r.
17
Let y(x) = 5*x - x - 5*x + 4*x**2. Let r be y(-2). Calculate the greatest common factor of 18 and r.
18
Let v be 7/((21/18)/7). Suppose -39 = -5*a + 2*u + 24, 5*u = 2*a - v. Suppose -2*t + 50 + 60 = 0. Calculate the greatest common factor of t and a.
11
Suppose -4*r = -r + 54. Let i be 95/6 + (-3)/r. What is the highest common divisor of i and 80?
16
Suppose 3*s - 5*s = -6. Let i be s*(0 - 40/(-12)). What is the highest common factor of 40 and i?
10
Let n = 4 - 1. Suppose 9 + 3 = n*l. Calculate the greatest common divisor of 2 and l.
2
Let x = 8 - -4. What is the greatest common divisor of x and 48?
12
Suppose -5*n + 25 = -65. Calculate the greatest common factor of 45 and n.
9
Let k be (5 - 2)*(-100)/(-6). Calculate the greatest common divisor of 75 and k.
25
Suppose d - 162 = -d. What is the highest common factor of d and 9?
9
Let n be (-3)/1*2/(-3). Suppose 88 + 86 = -5*j - i, 4*i - 179 = 5*j. Let l be 7/n*(-20)/j. What is the greatest common divisor of 2 and l?
2
Let l be 1 + 2 - 6 - -7. Suppose 3*h + 4*m = 24, 5*h = m + m + 66. What is the greatest common factor of l and h?
4
Let t = 11 - 11. Let c be ((-60)/(-2) - 0) + t. Calculate the highest common divisor of 45 and c.
15
Let z = 34 + -20. What is the highest common factor of z and 7?
7
Let n be 2 + (5 - 3 - 3). Let m = -3 + n. Let k(b) = 6*b**2 - 3*b - 2. Let t be k(m). What is the highest common divisor of t and 7?
7
Suppose 5*s = 4*c - 629, -146 = -c - 0*c + 5*s. What is the greatest common factor of 23 and c?
23
Let p = 1 - 6. Let c be ((-8)/10)/(1/p). Suppose -4*t = -11 + 3. Calculate the greatest common divisor of t and c.
2
Suppose 3*a - 425 = -2*a. Let m = -60 + a. Suppose -5*c + 38 = 3*o, -3*o + 31 + m = -4*c. What is the highest common factor of o and 64?
16
Suppose 0 = -25*v + 28*v - 12. Calculate the greatest common divisor of 4 and v.
4
Let j be (-12)/4 + 24 + 0. Calculate the greatest common divisor of j and 3.
3
Let l be (8/(-5))/((-6)/45). Suppose -335 - 205 = -5*j. Calculate the highest common divisor of j and l.
12
Let w be (-4 + 3)*-8 - -3. Let p(q) = q**2 - 1 - 2*q**2 + 4*q**3 - 5*q**3. Let b be p(-5). What is the greatest common factor of b and w?
11
Let z(q) = -5*q - 6. Let f be z(11). Let o = -37 - f. Calculate the highest common factor of o and 16.
8
Let l(h) = 4*h**2 + 2*h. Let o be l(-2). Let z = o + 7. Calculate the highest common factor of 76 and z.
19
Suppose 2*s - 4 - 4 = 0. Suppose s*x = -17 - 23. Let m be ((-5)/x)/(2/84). What is the greatest common divisor of 14 and m?
7
Suppose -2*y + 16 = 4*v, -7*y = v - 2*y + 14. Let w(p) = p**3 - 3*p**2 - 2*p - 5. Let x be w(v). Calculate the greatest common factor of x and 13.
13
Let t be (-1 - 1)/((-1)/2). Suppose t*v - 275 + 19 = 0. Let z = v - 12. What is the greatest common divisor of 13 and z?
13
Let q be ((-4)/(-2) + 42)*1. Suppose 0*y + 2*y = 3*g + 41, -2*y + 53 = g. Let u be q/10 - 10/y. Calculate the highest common factor of 6 and u.
2
Suppose 2*u = 3*s + 9, -u + 6 + 2 = 2*s. Let h = 17 + 28. Suppose 4*f = -3*z + h, f = -f - 2*z + 20. Calculate the highest common divisor of u and f.
3
Let y = 2 - 4. Let j = y - -2. Suppose 2*b - 27 = -3*m, j = m - 5*m + 3*b + 53. What is the highest common factor of m and 11?
11
Suppose 5*u + s - 35 = 2*u, 5*s + 23 = 3*u. Let z = -2 + 7. Suppose -z*r = -3*r - 22. Calculate the greatest common divisor of r and u.
11
Let c(m) = m**3 + 10*m**2 + 8*m - 1. Suppose -4*y = -2*w + 5*w + 41, -2*w - 3*y = 29. Let o be c(w). What is the greatest common factor of 36 and o?
18
Let f(k) = -42*k + 7. Let w be f(-4). Suppose -45 = 5*h - w. Suppose v + 0*v - 65 = 0. Calculate the greatest common factor of h and v.
13
Let i be (99/3 - -1)/2. What is the greatest common factor of 68 and i?
17
Let k(n) = n**2 + 8*n + 11. Let s be k(-8). Let q = s + -7. Let g = -3 + q. Calculate the highest common factor of g and 11.
1
Let n = 244 - 144. Suppose n = 5*j - 175. Suppose 5*c - x - 1 = 24, -4*x + 20 = 4*c. What is the greatest common divisor of c and j?
5
Let m be 10/55 - 53/(-11). Suppose -190 = -m*f - 5*s, 148 = 2*f + 2*f + 2*s. Calculate the highest common factor of 9 and f.
9
Let w(m) = 26*m + 2. Let y be w(3). Let j = -3 + -3. Let s = 16 + j. What is the greatest common factor of y and s?
10
Suppose -3*g + 4 + 3 = -2*q, 0 = -5*g + 15. Let n be (3*-1 + q)/(-1). What is the greatest common divisor of 18 and n?
2
Suppose -5*l = -5*z + 30, -z - 3*l = 4*z - 6. Let m = 24 - 17. Suppose -3*h = 3, 0*k + 5*h + m = 2*k. Calculate the greatest common divisor of z and k.
1
Let w(i) = i - 6. Let b be w(10). Suppose 4*h - 2*a + 0*a = 18, 4*h + 3*a = 13. Let p be (4 - h) + 4/2. What is the highest common divisor of b and p?
2
Let q be 3/((-6)/4) - -5. What is the highest common divisor of q and 33?
3
Let b(n) = 1 - 5*n - 2*n - 6*n + 3*n. Let m be b(-2). What is the highest common factor of m and 168?
21
Let l be 9 - (-2 + -4 + 4). What is the greatest common factor of l and 121?
11
Let b be (-17)/(-68) + (1 - 126/(-8)). What is the greatest common divisor of 238 and b?
17
Let a = 0 - -1. Let b(r) be the first derivative of r**4/4 + 5*r**3/3 - 3*r**2/2 - 7